{"id":372,"date":"2022-05-13T09:40:47","date_gmt":"2022-05-13T07:40:47","guid":{"rendered":"https:\/\/alexandragrosser.de\/?page_id=372"},"modified":"2024-08-06T15:53:26","modified_gmt":"2024-08-06T13:53:26","slug":"beratung","status":"publish","type":"page","link":"https:\/\/alexandragrosser.de\/startseite\/beratung\/","title":{"rendered":"Systemische Beratung"},"content":{"rendered":"\n<div class=\"wp-block-uagb-container uagb-block-65fbde2d alignfull uagb-is-root-container\"><div class=\"uagb-container-inner-blocks-wrap\">\n<div class=\"wp-block-uagb-container uagb-block-8a4b6867\">\n<p>In der Beratung geht es nur um Sie. <br>Hier geht es um Ihre W\u00fcnsche und Bed\u00fcrfnisse, Ihre pers\u00f6nliche Weiterentwicklung und neue Perspektiven. In der systemischen Beratung schauen wir uns auch Ihre Systeme an, die Sie umgeben, und erweitern so den Blick f\u00fcr neue Perspektiven.<\/p>\n\n\n\n<h5 class=\"wp-block-heading\">Themen in der Beratung<\/h5>\n\n\n\n<p>In der Beratung kann es um die Reflexion des p\u00e4dagogischen Alttags gehen, um die eigene Rolle und Haltung, berufliche oder private Neuorientierung, die eigene Biografie, Glaubenss\u00e4tze, die eigenen Beziehungserfahrungen, Abschied, Trennung und Trauer und Ihr ganz pers\u00f6nliches Thema.<\/p>\n\n\n\n<h5 class=\"wp-block-heading\">Ressourcenorientiert<\/h5>\n\n\n\n<p>Gemeinsam schauen wir auf Ihre vorhandenen St\u00e4rken, F\u00e4higkeiten und Ressourcen. Auf das was schon gut funktioniert beziehungsweise funktioniert hat. Durch den ressourcenorientierten Fokus nehmen Sie Ihre individuellen St\u00e4rken wahr, k\u00f6nnen diese nutzen und erweitern, um sich weiterzuentwickeln.<\/p>\n\n\n\n<h5 class=\"wp-block-heading\">L\u00f6sungen finden<\/h5>\n\n\n\n<p>Sie sind f\u00fcr Ihr Leben der\/die Expert*in. Sie kennen sich selbst am besten und wissen, was zu Ihnen passt und gut f\u00fcr Sie ist. <br>Ich kann, wenn Sie das m\u00f6chten, Ihre Impulsgeberin und Wegbegleiterin auf Zeit sein. Mein Anteil liegt darin, Sie dabei zu unterst\u00fctzen f\u00fcr sich stimmige L\u00f6sungsm\u00f6glichkeiten zu finden. Ich begleite Sie auf Ihren Weg Ihre eigenen L\u00f6sungen zu finden. Ohne zu bewerten, ohne Ratschl\u00e4ge zu erteilen.<\/p>\n<\/div>\n\n\n\n<div class=\"wp-block-uagb-container uagb-block-229e7d13\">\n<h5 class=\"wp-block-heading\">Alten Mustern auf der Spur<\/h5>\n\n\n\n<p>Im p\u00e4dagogischen Alltag geraten Sie immer wieder in \u00e4hnliche Situationen mit Kindern, Kolleg*innen und Eltern, in denen Sie sich w\u00fcnschen, anders zu reagieren?<br>M\u00f6glicherweise hat dies mit alten Erfahrungen, alten \u00dcberzeugungen und Glaubenss\u00e4tzen zu tun.<br><br>Erfahrungen und Erlebnisse aus der Kindheit, Wertvorstellungen, die uns von unserer Familien vermittelt wurden, beeinflussen unsere Beziehungen und Interaktionen mit den Kindern, Kolleg*innen und Eltern in der Einrichtung. <br><br>In der Beratung unterst\u00fctze ich Sie dabei, alte Muster aufzusp\u00fcren und durch Neues zu ersetzen.<\/p>\n\n\n\n<h5 class=\"wp-block-heading\">Kreative Methoden<\/h5>\n\n\n\n<p>Ich h\u00f6re zu, stelle Fragen. Nehme wahr. Lasse mich von meiner Intuition leiten. Gleichzeitig habe ich verschiedene Methoden in meinem Methodenrucksack, die ich bei Bedarf einsetze. Dazu geh\u00f6ren Genogramme, Aufstellungen mit dem Systembrett, Symbole, die Arbeit mit der Timeline und vieles mehr. L\u00f6sungsm\u00f6glichkeiten werden sichtbar und Antworten auf Fragen kommen fast wie von selbst.<\/p>\n\n\n\n<h5 class=\"wp-block-heading\">Zeit<\/h5>\n\n\n\n<p>In der Beratung geht es nur um Sie und Ihr Anliegen. Gemeinsam nehmen wir uns die Zeit, die Sie brauchen. F\u00fcr Ihre Anliegen und Themen, Ihre St\u00e4rken, Ressourcen, F\u00e4higkeiten.<\/p>\n<\/div>\n<\/div><\/div>\n\n\n\n<p>Sorgen Sie gut f\u00fcr sich und lassen Sie sich professionell begleiten. <\/p>\n\n\n\n<p>Schreiben Sie mir einfach eine <a href=\"&#109;&#x61;&#105;&#x6c;t&#x6f;:&#98;&#x65;&#114;&#x61;&#116;&#x75;n&#x67;&#64;&#97;&#x6c;&#101;&#x78;a&#x6e;d&#x72;&#x61;&#103;&#x72;&#111;&#x73;s&#x65;r&#46;&#x64;&#101;\">Mail<\/a> mit Ihrem Anliegen und wir vereinbaren einen Termin f\u00fcr ein erstes kostenfreies Kennenlernen. <br>Haupts\u00e4chlich biete ich Online-Beratungen per Zoom an. Es besteht, je nach Entfernung, jedoch auch die M\u00f6glichkeit zu Ihnen in die Einrichtung zu kommen oder sich in einem Caf\u00e8 zu treffen.<\/p>\n\n\n\n<h4 class=\"wp-block-heading\">Ihre Investion &#8211; Mein Honorar<\/h4>\n\n\n\n<p>Eine Beratungseinheit kostet 65,- Euro und dauert 60 Minuten.<\/p>\n\n\n\n<p>Bew\u00e4hrt haben sich Beratungspakete von 5 Terminen a 60 Minuten. Wenn Sie sich f\u00fcr dieses Beratungspaket entscheiden betragen die Investition daf\u00fcr 300,- Euro. <\/p>\n\n\n\n<p>Sie k\u00f6nnen sich auch f\u00fcr ein Beratungspaket von 10 Termine entscheiden und investieren daf\u00fcr 625- Euro.<\/p>\n\n\n\n<p>Nach dem Erstgespr\u00e4ch k\u00f6nnen Sie sich in aller Ruhe entscheiden. Das Erstgespr\u00e4ch ist kostenfrei. <\/p>\n\n\n\n<div class=\"wp-block-buttons is-content-justification-center is-layout-flex wp-container-core-buttons-is-layout-16018d1d wp-block-buttons-is-layout-flex\">\n<div class=\"wp-block-button has-custom-width wp-block-button__width-75 is-style-outline is-style-outline--1\"><a class=\"wp-block-button__link has-black-color has-text-color has-background has-link-color wp-element-button\" href=\"https:\/\/alexandragrosser.de\/startseite\/anfragen\/\" style=\"border-radius:0px;background-color:#c4deff\">Nehmen Sie Kontakt mit mir auf und vereinbaren Sie ein Erstgespr\u00e4ch<\/a><\/div>\n<\/div>\n\n\n\n<p><\/p>\n","protected":false},"excerpt":{"rendered":"<p>In der Beratung geht es nur um Sie. Hier geht es um Ihre W\u00fcnsche und Bed\u00fcrfnisse, Ihre pers\u00f6nliche Weiterentwicklung und neue Perspektiven. In der systemischen Beratung schauen wir uns auch Ihre Systeme an, die Sie umgeben, und erweitern so den <span class=\"excerpt-dots\">&hellip;<\/span> <a class=\"more-link\" href=\"https:\/\/alexandragrosser.de\/startseite\/beratung\/\"><span class=\"more-msg\">Weiterlesen &rarr;<\/span><\/a><\/p>\n","protected":false},"author":1,"featured_media":0,"parent":0,"menu_order":30,"comment_status":"closed","ping_status":"closed","template":"","meta":{"_uag_custom_page_level_css":"","advgb_blocks_editor_width":"","advgb_blocks_columns_visual_guide":"","footnotes":""},"class_list":["post-372","page","type-page","status-publish","hentry"],"yoast_head":"<!-- This site is optimized with the Yoast SEO plugin v27.1.1 - https:\/\/yoast.com\/product\/yoast-seo-wordpress\/ -->\n<title>Systemische Beratung | Impuls &amp; Begleitung<\/title>\n<meta name=\"description\" content=\"Systemische Beratung f\u00fcr p\u00e4dagogische Fachkr\u00e4fte. In der systemischen Beratung geht es nur um Sie und Ihre Themen. Zur Selbstreflexion...\" \/>\n<meta name=\"robots\" content=\"index, follow, max-snippet:-1, max-image-preview:large, max-video-preview:-1\" \/>\n<link rel=\"canonical\" href=\"https:\/\/alexandragrosser.de\/startseite\/beratung\/\" \/>\n<meta property=\"og:locale\" content=\"de_DE\" \/>\n<meta property=\"og:type\" content=\"article\" \/>\n<meta property=\"og:title\" content=\"Systemische Beratung | Impuls &amp; Begleitung\" \/>\n<meta property=\"og:description\" content=\"Systemische Beratung f\u00fcr p\u00e4dagogische Fachkr\u00e4fte. In der systemischen Beratung geht es nur um Sie und Ihre Themen. Zur Selbstreflexion...\" \/>\n<meta property=\"og:url\" content=\"https:\/\/alexandragrosser.de\/startseite\/beratung\/\" \/>\n<meta property=\"og:site_name\" content=\"Impuls &amp; Begleitung\" \/>\n<meta property=\"article:modified_time\" content=\"2024-08-06T13:53:26+00:00\" \/>\n<meta property=\"og:image\" content=\"https:\/\/alexandragrosser.de\/wp-content\/uploads\/2023\/11\/Logo-Impuls1.jpg\" \/>\n\t<meta property=\"og:image:width\" content=\"500\" \/>\n\t<meta property=\"og:image:height\" content=\"500\" \/>\n\t<meta property=\"og:image:type\" content=\"image\/jpeg\" \/>\n<meta name=\"twitter:card\" content=\"summary_large_image\" \/>\n<meta name=\"twitter:label1\" content=\"Gesch\u00e4tzte Lesezeit\" \/>\n\t<meta name=\"twitter:data1\" content=\"3\u00a0Minuten\" \/>\n<script type=\"application\/ld+json\" class=\"yoast-schema-graph\">{\"@context\":\"https:\/\/schema.org\",\"@graph\":[{\"@type\":\"WebPage\",\"@id\":\"https:\/\/alexandragrosser.de\/startseite\/beratung\/\",\"url\":\"https:\/\/alexandragrosser.de\/startseite\/beratung\/\",\"name\":\"Systemische Beratung | Impuls &amp; Begleitung\",\"isPartOf\":{\"@id\":\"https:\/\/alexandragrosser.de\/startseite\/#website\"},\"datePublished\":\"2022-05-13T07:40:47+00:00\",\"dateModified\":\"2024-08-06T13:53:26+00:00\",\"description\":\"Systemische Beratung f\u00fcr p\u00e4dagogische Fachkr\u00e4fte. In der systemischen Beratung geht es nur um Sie und Ihre Themen. Zur Selbstreflexion...\",\"breadcrumb\":{\"@id\":\"https:\/\/alexandragrosser.de\/startseite\/beratung\/#breadcrumb\"},\"inLanguage\":\"de\",\"potentialAction\":[{\"@type\":\"ReadAction\",\"target\":[\"https:\/\/alexandragrosser.de\/startseite\/beratung\/\"]}]},{\"@type\":\"BreadcrumbList\",\"@id\":\"https:\/\/alexandragrosser.de\/startseite\/beratung\/#breadcrumb\",\"itemListElement\":[{\"@type\":\"ListItem\",\"position\":1,\"name\":\"Startseite\",\"item\":\"https:\/\/alexandragrosser.de\/startseite\/\"},{\"@type\":\"ListItem\",\"position\":2,\"name\":\"Systemische Beratung\"}]},{\"@type\":\"WebSite\",\"@id\":\"https:\/\/alexandragrosser.de\/startseite\/#website\",\"url\":\"https:\/\/alexandragrosser.de\/startseite\/\",\"name\":\"Alexandra Gro\u00dfer\",\"description\":\"Impuls und Begleitung - Seminare, Beratung, Blog-Impulse\",\"publisher\":{\"@id\":\"https:\/\/alexandragrosser.de\/startseite\/#organization\"},\"potentialAction\":[{\"@type\":\"SearchAction\",\"target\":{\"@type\":\"EntryPoint\",\"urlTemplate\":\"https:\/\/alexandragrosser.de\/startseite\/?s={search_term_string}\"},\"query-input\":{\"@type\":\"PropertyValueSpecification\",\"valueRequired\":true,\"valueName\":\"search_term_string\"}}],\"inLanguage\":\"de\"},{\"@type\":\"Organization\",\"@id\":\"https:\/\/alexandragrosser.de\/startseite\/#organization\",\"name\":\"Impuls und Begleitung\",\"url\":\"https:\/\/alexandragrosser.de\/startseite\/\",\"logo\":{\"@type\":\"ImageObject\",\"inLanguage\":\"de\",\"@id\":\"https:\/\/alexandragrosser.de\/startseite\/#\/schema\/logo\/image\/\",\"url\":\"https:\/\/alexandragrosser.de\/wp-content\/uploads\/2023\/11\/Logo-Impuls1.jpg\",\"contentUrl\":\"https:\/\/alexandragrosser.de\/wp-content\/uploads\/2023\/11\/Logo-Impuls1.jpg\",\"width\":500,\"height\":500,\"caption\":\"Impuls und Begleitung\"},\"image\":{\"@id\":\"https:\/\/alexandragrosser.de\/startseite\/#\/schema\/logo\/image\/\"}}]}<\/script>\n<!-- \/ Yoast SEO plugin. -->","yoast_head_json":{"title":"Systemische Beratung | Impuls &amp; Begleitung","description":"Systemische Beratung f\u00fcr p\u00e4dagogische Fachkr\u00e4fte. In der systemischen Beratung geht es nur um Sie und Ihre Themen. Zur Selbstreflexion...","robots":{"index":"index","follow":"follow","max-snippet":"max-snippet:-1","max-image-preview":"max-image-preview:large","max-video-preview":"max-video-preview:-1"},"canonical":"https:\/\/alexandragrosser.de\/startseite\/beratung\/","og_locale":"de_DE","og_type":"article","og_title":"Systemische Beratung | Impuls &amp; Begleitung","og_description":"Systemische Beratung f\u00fcr p\u00e4dagogische Fachkr\u00e4fte. In der systemischen Beratung geht es nur um Sie und Ihre Themen. Zur Selbstreflexion...","og_url":"https:\/\/alexandragrosser.de\/startseite\/beratung\/","og_site_name":"Impuls &amp; Begleitung","article_modified_time":"2024-08-06T13:53:26+00:00","og_image":[{"width":500,"height":500,"url":"https:\/\/alexandragrosser.de\/wp-content\/uploads\/2023\/11\/Logo-Impuls1.jpg","type":"image\/jpeg"}],"twitter_card":"summary_large_image","twitter_misc":{"Gesch\u00e4tzte Lesezeit":"3\u00a0Minuten"},"schema":{"@context":"https:\/\/schema.org","@graph":[{"@type":"WebPage","@id":"https:\/\/alexandragrosser.de\/startseite\/beratung\/","url":"https:\/\/alexandragrosser.de\/startseite\/beratung\/","name":"Systemische Beratung | Impuls &amp; Begleitung","isPartOf":{"@id":"https:\/\/alexandragrosser.de\/startseite\/#website"},"datePublished":"2022-05-13T07:40:47+00:00","dateModified":"2024-08-06T13:53:26+00:00","description":"Systemische Beratung f\u00fcr p\u00e4dagogische Fachkr\u00e4fte. In der systemischen Beratung geht es nur um Sie und Ihre Themen. Zur Selbstreflexion...","breadcrumb":{"@id":"https:\/\/alexandragrosser.de\/startseite\/beratung\/#breadcrumb"},"inLanguage":"de","potentialAction":[{"@type":"ReadAction","target":["https:\/\/alexandragrosser.de\/startseite\/beratung\/"]}]},{"@type":"BreadcrumbList","@id":"https:\/\/alexandragrosser.de\/startseite\/beratung\/#breadcrumb","itemListElement":[{"@type":"ListItem","position":1,"name":"Startseite","item":"https:\/\/alexandragrosser.de\/startseite\/"},{"@type":"ListItem","position":2,"name":"Systemische Beratung"}]},{"@type":"WebSite","@id":"https:\/\/alexandragrosser.de\/startseite\/#website","url":"https:\/\/alexandragrosser.de\/startseite\/","name":"Alexandra Gro\u00dfer","description":"Impuls und Begleitung - Seminare, Beratung, Blog-Impulse","publisher":{"@id":"https:\/\/alexandragrosser.de\/startseite\/#organization"},"potentialAction":[{"@type":"SearchAction","target":{"@type":"EntryPoint","urlTemplate":"https:\/\/alexandragrosser.de\/startseite\/?s={search_term_string}"},"query-input":{"@type":"PropertyValueSpecification","valueRequired":true,"valueName":"search_term_string"}}],"inLanguage":"de"},{"@type":"Organization","@id":"https:\/\/alexandragrosser.de\/startseite\/#organization","name":"Impuls und Begleitung","url":"https:\/\/alexandragrosser.de\/startseite\/","logo":{"@type":"ImageObject","inLanguage":"de","@id":"https:\/\/alexandragrosser.de\/startseite\/#\/schema\/logo\/image\/","url":"https:\/\/alexandragrosser.de\/wp-content\/uploads\/2023\/11\/Logo-Impuls1.jpg","contentUrl":"https:\/\/alexandragrosser.de\/wp-content\/uploads\/2023\/11\/Logo-Impuls1.jpg","width":500,"height":500,"caption":"Impuls und Begleitung"},"image":{"@id":"https:\/\/alexandragrosser.de\/startseite\/#\/schema\/logo\/image\/"}}]}},"uagb_featured_image_src":{"full":false,"thumbnail":false,"medium":false,"medium_large":false,"large":false,"1536x1536":false,"2048x2048":false,"ultp_layout_landscape_large":false,"ultp_layout_landscape":false,"ultp_layout_portrait":false,"ultp_layout_square":false},"uagb_author_info":{"display_name":"Alexandra","author_link":"https:\/\/alexandragrosser.de\/startseite\/author\/alexandra\/"},"uagb_comment_info":0,"uagb_excerpt":"In der Beratung geht es nur um Sie. Hier geht es um Ihre W\u00fcnsche und Bed\u00fcrfnisse, Ihre pers\u00f6nliche Weiterentwicklung und neue Perspektiven. In der systemischen Beratung schauen wir uns auch Ihre Systeme an, die Sie umgeben, und erweitern so den &hellip; Weiterlesen &rarr;","coauthors":[],"author_meta":{"author_link":"https:\/\/alexandragrosser.de\/startseite\/author\/alexandra\/","display_name":"Alexandra"},"relative_dates":{"created":"Posted 4\u00a0Jahren ago","modified":"Updated 2\u00a0Jahren ago"},"absolute_dates":{"created":"Posted on 13. Mai 2022","modified":"Updated on 6. August 2024"},"absolute_dates_time":{"created":"Posted on 13. Mai 2022 9:40","modified":"Updated on 6. August 2024 15:53"},"featured_img_caption":"","featured_img":false,"series_order":"","_links":{"self":[{"href":"https:\/\/alexandragrosser.de\/startseite\/wp-json\/wp\/v2\/pages\/372","targetHints":{"allow":["GET"]}}],"collection":[{"href":"https:\/\/alexandragrosser.de\/startseite\/wp-json\/wp\/v2\/pages"}],"about":[{"href":"https:\/\/alexandragrosser.de\/startseite\/wp-json\/wp\/v2\/types\/page"}],"author":[{"embeddable":true,"href":"https:\/\/alexandragrosser.de\/startseite\/wp-json\/wp\/v2\/users\/1"}],"replies":[{"embeddable":true,"href":"https:\/\/alexandragrosser.de\/startseite\/wp-json\/wp\/v2\/comments?post=372"}],"version-history":[{"count":0,"href":"https:\/\/alexandragrosser.de\/startseite\/wp-json\/wp\/v2\/pages\/372\/revisions"}],"wp:attachment":[{"href":"https:\/\/alexandragrosser.de\/startseite\/wp-json\/wp\/v2\/media?parent=372"}],"curies":[{"name":"wp","href":"https:\/\/api.w.org\/{rel}","templated":true}]}}