{"id":1164,"date":"2025-02-01T14:17:38","date_gmt":"2025-02-01T13:17:38","guid":{"rendered":"https:\/\/alexandragrosser.de\/startseite\/?page_id=1164"},"modified":"2026-02-05T17:23:41","modified_gmt":"2026-02-05T16:23:41","slug":"offene-fortbildungen-freie-plaetze","status":"publish","type":"page","link":"https:\/\/alexandragrosser.de\/startseite\/offene-fortbildungen-freie-plaetze\/","title":{"rendered":"Offene Fortbildungen &#8211; Freie Pl\u00e4tze"},"content":{"rendered":"\n<p><\/p>\n\n\n\n<div class=\"wp-block-uagb-container uagb-block-ae0bc409 alignfull uagb-is-root-container\"><div class=\"uagb-container-inner-blocks-wrap\">\n<div class=\"wp-block-uagb-advanced-heading uagb-block-59973544\"><h1 class=\"uagb-heading-text\">Freie Pl\u00e4tze<\/h1><\/div>\n<\/div><\/div>\n\n\n\n<p><\/p>\n\n\n\n<p><\/p>\n\n\n\n<p><strong>Die Links f\u00fchren Sie direkt zu den Fortbildungen bzw. dem Fortbildungsprogramm der Anbieter: <\/strong><\/p>\n\n\n\n<h3 class=\"wp-block-heading\"><a href=\"https:\/\/www.hwa-online.de\/weiterbildung\/kita\/seminare\/on-ki26-09\/\" target=\"_blank\" rel=\"noreferrer noopener\">Reine Nervensache?! &#8211; Herausforderndem Verhalten der Kinder mit Resilienz begegnen<\/a><\/h3>\n\n\n\n<p>Hans-Weinberger-Akademie der AWO e. V.<\/p>\n\n\n\n<p>26.03.2026 &#8211; Online<\/p>\n\n\n\n<h3 class=\"wp-block-heading\"><a href=\"https:\/\/www.brk.de\/angebote\/kinder-jugend-und-familie\/kindertageseinrichtungen\/fortbildungen.html\" target=\"_blank\" rel=\"noreferrer noopener\">Dem Schutzauftrag nachkommen &#8211; Hilfen zur Umsetzung des \u00a78a SGB VIII in Kitas<\/a><\/h3>\n\n\n\n<p>BRK <\/p>\n\n\n\n<p>17.04.2026 &#8211; Online<\/p>\n\n\n\n<h3 class=\"wp-block-heading\"><a href=\"https:\/\/www.hwa-online.de\/weiterbildung\/kita\/seminare\/on-ki26-45\/\" target=\"_blank\" rel=\"noreferrer noopener\">Sprachf\u00f6rderung und Literacy f\u00fcr Kinder von 0 bis 6 Jahren<\/a><\/h3>\n\n\n\n<p>Hans-Weinberger-Akademie der AWO e. V.<\/p>\n\n\n\n<p>07.05.2026 &#8211; Online<\/p>\n\n\n\n<h3 class=\"wp-block-heading\"><a href=\"https:\/\/www.caritas-nuernberg.de\/fileadmin\/user_upload\/Downloads\/Fortbildungen\/Caritas-Fortbildungen_2026_final.pdf\" target=\"_blank\" rel=\"noreferrer noopener\">Kinderschutz braucht Mut und Mitgef\u00fchl<\/a><\/h3>\n\n\n\n<p>Caritas &#8211; N\u00fcrnberg &#8211; Im Fortbildungsprogramm S. 73<\/p>\n\n\n\n<p>20.05.2026 &#8211; Caritas-Pirckheimer-Haus (CPH)<\/p>\n\n\n\n<h3 class=\"wp-block-heading\"><a href=\"https:\/\/www.evkita-bayern.de\/fort-und-weiterbildungen\/kurssuche\/detail\/598\" target=\"_blank\" rel=\"noreferrer noopener\">Spielend leicht Sprache erwerben &#8211; Wie Dialoge mit Krippenkindern gelingen<\/a><\/h3>\n\n\n\n<p>EvKita-Verband<\/p>\n\n\n\n<p>29. &amp; 30.06.2026 &#8211; Berufsf\u00f6rderungswerk N\u00fcrnberg Hotel und Tagungszentrum<\/p>\n\n\n\n<h3 class=\"wp-block-heading\"><a href=\"https:\/\/www.brk.de\/angebote\/kinder-jugend-und-familie\/kindertageseinrichtungen\/fortbildungen.html\" target=\"_blank\" rel=\"noreferrer noopener\">Dem Schutzauftrag nachkommen &#8211; Hilfen zur Umsetzung des \u00a78a SGB VIII in Kitas<\/a><\/h3>\n\n\n\n<p>BRK<\/p>\n\n\n\n<p>30.09.2026 &#8211; Online<\/p>\n\n\n\n<h3 class=\"wp-block-heading\"><a href=\"https:\/\/www.caritas-nuernberg.de\/fileadmin\/user_upload\/Downloads\/Fortbildungen\/Caritas-Fortbildungen_2026_final.pdf\" target=\"_blank\" rel=\"noreferrer noopener\">Reine Nervensache?! &#8211; Kinderschutz braucht Selbstf\u00fcrsorge und Achtsamkeit<\/a><\/h3>\n\n\n\n<p>Caritas &#8211; N\u00fcrnberg &#8211; Im Fortbildungsprogramm S. 75<\/p>\n\n\n\n<p>10.11.2026 &#8211; Caritas-Pirckheimer-Haus (CPH)<\/p>\n\n\n\n<h3 class=\"wp-block-heading\"><a href=\"https:\/\/www.caritas-nuernberg.de\/fileadmin\/user_upload\/Downloads\/Fortbildungen\/Caritas-Fortbildungen_2026_final.pdf\" target=\"_blank\" rel=\"noreferrer noopener\">Das sp\u00fcr ich am Herzen &#8211; Macht in der P\u00e4dagogik<\/a><\/h3>\n\n\n\n<p>Caritas &#8211; N\u00fcrnberg &#8211; Im Fortbildungsprogramm S. 78<\/p>\n\n\n\n<p>01.12.2926 &#8211; Online<\/p>\n\n\n\n<h3 class=\"wp-block-heading\"><a href=\"https:\/\/www.caritas-eichstaett.de\/aktuelles\/fortbildung\/mut-zum-feedback-8e585c2b-7131-48f8-ba50-bb28f78fc136\" target=\"_blank\" rel=\"noreferrer noopener\">Mut zum Feedback &#8211; Wie Sie als Leitung eine positive Fehlerkultur im Team entwickeln<\/a><\/h3>\n\n\n\n<p>Caritas &#8211; Eichst\u00e4tt<\/p>\n\n\n\n<p>09.12.2026 &#8211; St. Alfons &#8211; Ingolstadt<\/p>\n","protected":false},"excerpt":{"rendered":"<p>Freie Pl\u00e4tze Die Links f\u00fchren Sie direkt zu den Fortbildungen bzw. dem Fortbildungsprogramm der Anbieter: Reine Nervensache?! &#8211; Herausforderndem Verhalten der Kinder mit Resilienz begegnen Hans-Weinberger-Akademie der AWO e. V. 26.03.2026 &#8211; Online Dem Schutzauftrag nachkommen &#8211; Hilfen zur Umsetzung <span class=\"excerpt-dots\">&hellip;<\/span> <a class=\"more-link\" href=\"https:\/\/alexandragrosser.de\/startseite\/offene-fortbildungen-freie-plaetze\/\"><span class=\"more-msg\">Weiterlesen &rarr;<\/span><\/a><\/p>\n","protected":false},"author":1,"featured_media":0,"parent":0,"menu_order":0,"comment_status":"closed","ping_status":"closed","template":"","meta":{"_uag_custom_page_level_css":"","advgb_blocks_editor_width":"","advgb_blocks_columns_visual_guide":"","footnotes":""},"class_list":["post-1164","page","type-page","status-publish","hentry"],"yoast_head":"<!-- This site is optimized with the Yoast SEO plugin v27.1.1 - https:\/\/yoast.com\/product\/yoast-seo-wordpress\/ -->\n<title>Offene Fortbildungen - Freie Pl\u00e4tze | Impuls &amp; Begleitung<\/title>\n<meta name=\"description\" content=\"In einigen offenen Fortbildungen gibt es noch freie Pl\u00e4tze - in Pr\u00e4senz und Online. Einfach mal reinschauen.\" \/>\n<meta name=\"robots\" content=\"index, follow, max-snippet:-1, max-image-preview:large, max-video-preview:-1\" \/>\n<link rel=\"canonical\" href=\"https:\/\/alexandragrosser.de\/startseite\/offene-fortbildungen-freie-plaetze\/\" \/>\n<meta property=\"og:locale\" content=\"de_DE\" \/>\n<meta property=\"og:type\" content=\"article\" \/>\n<meta property=\"og:title\" content=\"Offene Fortbildungen - Freie Pl\u00e4tze | Impuls &amp; Begleitung\" \/>\n<meta property=\"og:description\" content=\"In einigen offenen Fortbildungen gibt es noch freie Pl\u00e4tze - in Pr\u00e4senz und Online. Einfach mal reinschauen.\" \/>\n<meta property=\"og:url\" content=\"https:\/\/alexandragrosser.de\/startseite\/offene-fortbildungen-freie-plaetze\/\" \/>\n<meta property=\"og:site_name\" content=\"Impuls &amp; Begleitung\" \/>\n<meta property=\"article:modified_time\" content=\"2026-02-05T16:23:41+00:00\" \/>\n<meta property=\"og:image\" content=\"https:\/\/alexandragrosser.de\/wp-content\/uploads\/2023\/11\/Logo-Impuls1.jpg\" \/>\n\t<meta property=\"og:image:width\" content=\"500\" \/>\n\t<meta property=\"og:image:height\" content=\"500\" \/>\n\t<meta property=\"og:image:type\" content=\"image\/jpeg\" \/>\n<meta name=\"twitter:card\" content=\"summary_large_image\" \/>\n<meta name=\"twitter:label1\" content=\"Gesch\u00e4tzte Lesezeit\" \/>\n\t<meta name=\"twitter:data1\" content=\"1\u00a0Minute\" \/>\n<script type=\"application\/ld+json\" class=\"yoast-schema-graph\">{\"@context\":\"https:\/\/schema.org\",\"@graph\":[{\"@type\":\"WebPage\",\"@id\":\"https:\/\/alexandragrosser.de\/startseite\/offene-fortbildungen-freie-plaetze\/\",\"url\":\"https:\/\/alexandragrosser.de\/startseite\/offene-fortbildungen-freie-plaetze\/\",\"name\":\"Offene Fortbildungen - Freie Pl\u00e4tze | Impuls &amp; Begleitung\",\"isPartOf\":{\"@id\":\"https:\/\/alexandragrosser.de\/startseite\/#website\"},\"datePublished\":\"2025-02-01T13:17:38+00:00\",\"dateModified\":\"2026-02-05T16:23:41+00:00\",\"description\":\"In einigen offenen Fortbildungen gibt es noch freie Pl\u00e4tze - in Pr\u00e4senz und Online. Einfach mal reinschauen.\",\"breadcrumb\":{\"@id\":\"https:\/\/alexandragrosser.de\/startseite\/offene-fortbildungen-freie-plaetze\/#breadcrumb\"},\"inLanguage\":\"de\",\"potentialAction\":[{\"@type\":\"ReadAction\",\"target\":[\"https:\/\/alexandragrosser.de\/startseite\/offene-fortbildungen-freie-plaetze\/\"]}]},{\"@type\":\"BreadcrumbList\",\"@id\":\"https:\/\/alexandragrosser.de\/startseite\/offene-fortbildungen-freie-plaetze\/#breadcrumb\",\"itemListElement\":[{\"@type\":\"ListItem\",\"position\":1,\"name\":\"Startseite\",\"item\":\"https:\/\/alexandragrosser.de\/startseite\/\"},{\"@type\":\"ListItem\",\"position\":2,\"name\":\"Offene Fortbildungen &#8211; Freie Pl\u00e4tze\"}]},{\"@type\":\"WebSite\",\"@id\":\"https:\/\/alexandragrosser.de\/startseite\/#website\",\"url\":\"https:\/\/alexandragrosser.de\/startseite\/\",\"name\":\"Alexandra Gro\u00dfer\",\"description\":\"Impuls und Begleitung - Seminare, Beratung, Blog-Impulse\",\"publisher\":{\"@id\":\"https:\/\/alexandragrosser.de\/startseite\/#organization\"},\"potentialAction\":[{\"@type\":\"SearchAction\",\"target\":{\"@type\":\"EntryPoint\",\"urlTemplate\":\"https:\/\/alexandragrosser.de\/startseite\/?s={search_term_string}\"},\"query-input\":{\"@type\":\"PropertyValueSpecification\",\"valueRequired\":true,\"valueName\":\"search_term_string\"}}],\"inLanguage\":\"de\"},{\"@type\":\"Organization\",\"@id\":\"https:\/\/alexandragrosser.de\/startseite\/#organization\",\"name\":\"Impuls und Begleitung\",\"url\":\"https:\/\/alexandragrosser.de\/startseite\/\",\"logo\":{\"@type\":\"ImageObject\",\"inLanguage\":\"de\",\"@id\":\"https:\/\/alexandragrosser.de\/startseite\/#\/schema\/logo\/image\/\",\"url\":\"https:\/\/alexandragrosser.de\/wp-content\/uploads\/2023\/11\/Logo-Impuls1.jpg\",\"contentUrl\":\"https:\/\/alexandragrosser.de\/wp-content\/uploads\/2023\/11\/Logo-Impuls1.jpg\",\"width\":500,\"height\":500,\"caption\":\"Impuls und Begleitung\"},\"image\":{\"@id\":\"https:\/\/alexandragrosser.de\/startseite\/#\/schema\/logo\/image\/\"}}]}<\/script>\n<!-- \/ Yoast SEO plugin. -->","yoast_head_json":{"title":"Offene Fortbildungen - Freie Pl\u00e4tze | Impuls &amp; Begleitung","description":"In einigen offenen Fortbildungen gibt es noch freie Pl\u00e4tze - in Pr\u00e4senz und Online. Einfach mal reinschauen.","robots":{"index":"index","follow":"follow","max-snippet":"max-snippet:-1","max-image-preview":"max-image-preview:large","max-video-preview":"max-video-preview:-1"},"canonical":"https:\/\/alexandragrosser.de\/startseite\/offene-fortbildungen-freie-plaetze\/","og_locale":"de_DE","og_type":"article","og_title":"Offene Fortbildungen - Freie Pl\u00e4tze | Impuls &amp; Begleitung","og_description":"In einigen offenen Fortbildungen gibt es noch freie Pl\u00e4tze - in Pr\u00e4senz und Online. Einfach mal reinschauen.","og_url":"https:\/\/alexandragrosser.de\/startseite\/offene-fortbildungen-freie-plaetze\/","og_site_name":"Impuls &amp; Begleitung","article_modified_time":"2026-02-05T16:23:41+00:00","og_image":[{"width":500,"height":500,"url":"https:\/\/alexandragrosser.de\/wp-content\/uploads\/2023\/11\/Logo-Impuls1.jpg","type":"image\/jpeg"}],"twitter_card":"summary_large_image","twitter_misc":{"Gesch\u00e4tzte Lesezeit":"1\u00a0Minute"},"schema":{"@context":"https:\/\/schema.org","@graph":[{"@type":"WebPage","@id":"https:\/\/alexandragrosser.de\/startseite\/offene-fortbildungen-freie-plaetze\/","url":"https:\/\/alexandragrosser.de\/startseite\/offene-fortbildungen-freie-plaetze\/","name":"Offene Fortbildungen - Freie Pl\u00e4tze | Impuls &amp; Begleitung","isPartOf":{"@id":"https:\/\/alexandragrosser.de\/startseite\/#website"},"datePublished":"2025-02-01T13:17:38+00:00","dateModified":"2026-02-05T16:23:41+00:00","description":"In einigen offenen Fortbildungen gibt es noch freie Pl\u00e4tze - in Pr\u00e4senz und Online. Einfach mal reinschauen.","breadcrumb":{"@id":"https:\/\/alexandragrosser.de\/startseite\/offene-fortbildungen-freie-plaetze\/#breadcrumb"},"inLanguage":"de","potentialAction":[{"@type":"ReadAction","target":["https:\/\/alexandragrosser.de\/startseite\/offene-fortbildungen-freie-plaetze\/"]}]},{"@type":"BreadcrumbList","@id":"https:\/\/alexandragrosser.de\/startseite\/offene-fortbildungen-freie-plaetze\/#breadcrumb","itemListElement":[{"@type":"ListItem","position":1,"name":"Startseite","item":"https:\/\/alexandragrosser.de\/startseite\/"},{"@type":"ListItem","position":2,"name":"Offene Fortbildungen &#8211; Freie Pl\u00e4tze"}]},{"@type":"WebSite","@id":"https:\/\/alexandragrosser.de\/startseite\/#website","url":"https:\/\/alexandragrosser.de\/startseite\/","name":"Alexandra Gro\u00dfer","description":"Impuls und Begleitung - Seminare, Beratung, Blog-Impulse","publisher":{"@id":"https:\/\/alexandragrosser.de\/startseite\/#organization"},"potentialAction":[{"@type":"SearchAction","target":{"@type":"EntryPoint","urlTemplate":"https:\/\/alexandragrosser.de\/startseite\/?s={search_term_string}"},"query-input":{"@type":"PropertyValueSpecification","valueRequired":true,"valueName":"search_term_string"}}],"inLanguage":"de"},{"@type":"Organization","@id":"https:\/\/alexandragrosser.de\/startseite\/#organization","name":"Impuls und Begleitung","url":"https:\/\/alexandragrosser.de\/startseite\/","logo":{"@type":"ImageObject","inLanguage":"de","@id":"https:\/\/alexandragrosser.de\/startseite\/#\/schema\/logo\/image\/","url":"https:\/\/alexandragrosser.de\/wp-content\/uploads\/2023\/11\/Logo-Impuls1.jpg","contentUrl":"https:\/\/alexandragrosser.de\/wp-content\/uploads\/2023\/11\/Logo-Impuls1.jpg","width":500,"height":500,"caption":"Impuls und Begleitung"},"image":{"@id":"https:\/\/alexandragrosser.de\/startseite\/#\/schema\/logo\/image\/"}}]}},"uagb_featured_image_src":{"full":false,"thumbnail":false,"medium":false,"medium_large":false,"large":false,"1536x1536":false,"2048x2048":false,"ultp_layout_landscape_large":false,"ultp_layout_landscape":false,"ultp_layout_portrait":false,"ultp_layout_square":false},"uagb_author_info":{"display_name":"Alexandra","author_link":"https:\/\/alexandragrosser.de\/startseite\/author\/alexandra\/"},"uagb_comment_info":0,"uagb_excerpt":"Freie Pl\u00e4tze Die Links f\u00fchren Sie direkt zu den Fortbildungen bzw. dem Fortbildungsprogramm der Anbieter: Reine Nervensache?! &#8211; Herausforderndem Verhalten der Kinder mit Resilienz begegnen Hans-Weinberger-Akademie der AWO e. V. 26.03.2026 &#8211; Online Dem Schutzauftrag nachkommen &#8211; Hilfen zur Umsetzung &hellip; Weiterlesen &rarr;","coauthors":[],"author_meta":{"author_link":"https:\/\/alexandragrosser.de\/startseite\/author\/alexandra\/","display_name":"Alexandra"},"relative_dates":{"created":"Posted 1\u00a0Jahr ago","modified":"Updated 2\u00a0Monaten ago"},"absolute_dates":{"created":"Posted on 1. Februar 2025","modified":"Updated on 5. Februar 2026"},"absolute_dates_time":{"created":"Posted on 1. Februar 2025 14:17","modified":"Updated on 5. Februar 2026 17:23"},"featured_img_caption":"","featured_img":false,"series_order":"","_links":{"self":[{"href":"https:\/\/alexandragrosser.de\/startseite\/wp-json\/wp\/v2\/pages\/1164","targetHints":{"allow":["GET"]}}],"collection":[{"href":"https:\/\/alexandragrosser.de\/startseite\/wp-json\/wp\/v2\/pages"}],"about":[{"href":"https:\/\/alexandragrosser.de\/startseite\/wp-json\/wp\/v2\/types\/page"}],"author":[{"embeddable":true,"href":"https:\/\/alexandragrosser.de\/startseite\/wp-json\/wp\/v2\/users\/1"}],"replies":[{"embeddable":true,"href":"https:\/\/alexandragrosser.de\/startseite\/wp-json\/wp\/v2\/comments?post=1164"}],"version-history":[{"count":0,"href":"https:\/\/alexandragrosser.de\/startseite\/wp-json\/wp\/v2\/pages\/1164\/revisions"}],"wp:attachment":[{"href":"https:\/\/alexandragrosser.de\/startseite\/wp-json\/wp\/v2\/media?parent=1164"}],"curies":[{"name":"wp","href":"https:\/\/api.w.org\/{rel}","templated":true}]}}